{"id":12,"date":"2021-01-25T16:28:24","date_gmt":"2021-01-25T16:28:24","guid":{"rendered":"http:\/\/fundacionjoaquinbalsa.com\/?page_id=12"},"modified":"2023-02-14T12:01:07","modified_gmt":"2023-02-14T12:01:07","slug":"alquiler-de-espacios","status":"publish","type":"page","link":"https:\/\/fundacionjoaquinbalsa.com\/?page_id=12","title":{"rendered":"Alquiler de espacios"},"content":{"rendered":"\n<figure class=\"wp-block-image size-full\"><img loading=\"lazy\" decoding=\"async\" width=\"750\" height=\"500\" src=\"http:\/\/fundacionjoaquinbalsa.com\/wp-content\/uploads\/2023\/02\/Art-Cuestion-01.jpg\" alt=\"\" class=\"wp-image-164\" srcset=\"https:\/\/fundacionjoaquinbalsa.com\/wp-content\/uploads\/2023\/02\/Art-Cuestion-01.jpg 750w, https:\/\/fundacionjoaquinbalsa.com\/wp-content\/uploads\/2023\/02\/Art-Cuestion-01-300x200.jpg 300w, https:\/\/fundacionjoaquinbalsa.com\/wp-content\/uploads\/2023\/02\/Art-Cuestion-01-405x270.jpg 405w\" sizes=\"auto, (max-width: 750px) 100vw, 750px\" \/><\/figure>\n\n\n\n<p>Un espacio \u00fanico de 110m<sup>2<\/sup>&nbsp;en un entorno natural y un aforo de hasta 80 personas ideal para presentaciones, exposiciones, conferencias, ruedas de prensa o entregas de premios.<\/p>\n\n\n\n<p>Totalmente equipada con todo lo necesario para que t\u00fa evento sea todo un \u00e9xito.<\/p>\n\n\n\n<h4 class=\"wp-block-heading\">Servicios<\/h4>\n\n\n\n<ul class=\"wp-block-list\">\n<li>WIFI<\/li>\n\n\n\n<li>Fibra \u00f3ptica<\/li>\n\n\n\n<li>A\/C<\/li>\n\n\n\n<li>Flipchart<\/li>\n\n\n\n<li>Pizarra<\/li>\n\n\n\n<li>Proyector<\/li>\n\n\n\n<li>Pantalla<\/li>\n\n\n\n<li>Luz natural<\/li>\n\n\n\n<li>Servicio de Aguas y caf\u00e9 (bajo petici\u00f3n)<\/li>\n\n\n\n<li>Catering (bajo petici\u00f3n)<\/li>\n<\/ul>\n\n\n\n<figure class=\"wp-block-table\"><table><tbody><tr><td><strong>Dimensiones<\/strong><\/td><td><\/td><td><\/td><td><\/td><td>110 m<sup>2<\/sup><\/td><\/tr><tr><td><\/td><td><\/td><td><\/td><td><\/td><td><\/td><\/tr><tr><td><strong>Capacidad<\/strong><\/td><td><\/td><td><strong>Capacidad<\/strong><\/td><td><img decoding=\"async\" src=\"https:\/\/www.networkia.es\/wp-content\/uploads\/capacidad1.jpg\" alt=\"Capacidad\"><\/td><td>80 pers.<\/td><\/tr><\/tbody><\/table><\/figure>\n\n\n\n<h4 class=\"wp-block-heading\">Reserva tu sala:  <\/h4>\n\n\n\n<p>Telf: +34 988 258 111<\/p>\n\n\n\n<p>Mail: fundaci\u00f3njoaquinbalsa@gmail.com<\/p>\n\n\n\n<p><\/p>\n\n\n\n<p><\/p>\n","protected":false},"excerpt":{"rendered":"<p>Un espacio \u00fanico de 110m2&nbsp;en un entorno natural y un aforo de hasta 80 personas ideal para presentaciones, exposiciones, conferencias, ruedas de prensa o entregas de premios. Totalmente equipada con todo lo necesario para que t\u00fa evento sea todo un \u00e9xito. Servicios Dimensiones 110 m2 Capacidad Capacidad 80 pers. Reserva tu sala: Telf: +34 988 258 111 Mail: fundaci\u00f3njoaquinbalsa@gmail.com<\/p>\n","protected":false},"author":1,"featured_media":0,"parent":0,"menu_order":0,"comment_status":"closed","ping_status":"closed","template":"","meta":{"ngg_post_thumbnail":0,"footnotes":""},"class_list":["post-12","page","type-page","status-publish","hentry"],"_links":{"self":[{"href":"https:\/\/fundacionjoaquinbalsa.com\/index.php?rest_route=\/wp\/v2\/pages\/12","targetHints":{"allow":["GET"]}}],"collection":[{"href":"https:\/\/fundacionjoaquinbalsa.com\/index.php?rest_route=\/wp\/v2\/pages"}],"about":[{"href":"https:\/\/fundacionjoaquinbalsa.com\/index.php?rest_route=\/wp\/v2\/types\/page"}],"author":[{"embeddable":true,"href":"https:\/\/fundacionjoaquinbalsa.com\/index.php?rest_route=\/wp\/v2\/users\/1"}],"replies":[{"embeddable":true,"href":"https:\/\/fundacionjoaquinbalsa.com\/index.php?rest_route=%2Fwp%2Fv2%2Fcomments&post=12"}],"version-history":[{"count":4,"href":"https:\/\/fundacionjoaquinbalsa.com\/index.php?rest_route=\/wp\/v2\/pages\/12\/revisions"}],"predecessor-version":[{"id":166,"href":"https:\/\/fundacionjoaquinbalsa.com\/index.php?rest_route=\/wp\/v2\/pages\/12\/revisions\/166"}],"wp:attachment":[{"href":"https:\/\/fundacionjoaquinbalsa.com\/index.php?rest_route=%2Fwp%2Fv2%2Fmedia&parent=12"}],"curies":[{"name":"wp","href":"https:\/\/api.w.org\/{rel}","templated":true}]}}

<figure class="wp-block-image size-full"><img loading="lazy" decoding="async" width="750" height="500" src="http://fundacionjoaquinbalsa.com/wp-content/uploads/2023/02/Art-Cuestion-01.jpg" alt="" class="wp-image-164" srcset="https://fundacionjoaquinbalsa.com/wp-content/uploads/2023/02/Art-Cuestion-01.jpg 750w, https://fundacionjoaquinbalsa.com/wp-content/uploads/2023/02/Art-Cuestion-01-300x200.jpg 300w, https://fundacionjoaquinbalsa.com/wp-content/uploads/2023/02/Art-Cuestion-01-405x270.jpg 405w" sizes="auto, (max-width: 750px) 100vw, 750px" /></figure>



<p>Un espacio único de 110m<sup>2</sup>&nbsp;en un entorno natural y un aforo de hasta 80 personas ideal para presentaciones, exposiciones, conferencias, ruedas de prensa o entregas de premios.</p>



<p>Totalmente equipada con todo lo necesario para que tú evento sea todo un éxito.</p>



<h4 class="wp-block-heading">Servicios</h4>



<ul class="wp-block-list">
<li>WIFI</li>



<li>Fibra óptica</li>



<li>A/C</li>



<li>Flipchart</li>



<li>Pizarra</li>



<li>Proyector</li>



<li>Pantalla</li>



<li>Luz natural</li>



<li>Servicio de Aguas y café (bajo petición)</li>



<li>Catering (bajo petición)</li>
</ul>



<figure class="wp-block-table"><table><tbody><tr><td><strong>Dimensiones</strong></td><td></td><td></td><td></td><td>110 m<sup>2</sup></td></tr><tr><td></td><td></td><td></td><td></td><td></td></tr><tr><td><strong>Capacidad</strong></td><td></td><td><strong>Capacidad</strong></td><td><img decoding="async" src="https://www.networkia.es/wp-content/uploads/capacidad1.jpg" alt="Capacidad"></td><td>80 pers.</td></tr></tbody></table></figure>



<h4 class="wp-block-heading">Reserva tu sala:  </h4>



<p>Telf: +34 988 258 111</p>



<p>Mail: fundaciónjoaquinbalsa@gmail.com</p>



<p></p>



<p></p>

<p>Un espacio único de 110m2&nbsp;en un entorno natural y un aforo de hasta 80 personas ideal para presentaciones, exposiciones, conferencias, ruedas de prensa o entregas de premios. Totalmente equipada con todo lo necesario para que tú evento sea todo un éxito. Servicios Dimensiones 110 m2 Capacidad Capacidad 80 pers. Reserva tu sala: Telf: +34 988 258 111 Mail: fundaciónjoaquinbalsa@gmail.com</p>
