{"id":14,"date":"2021-01-25T16:29:32","date_gmt":"2021-01-25T16:29:32","guid":{"rendered":"http:\/\/fundacionjoaquinbalsa.com\/?page_id=14"},"modified":"2021-01-25T16:29:33","modified_gmt":"2021-01-25T16:29:33","slug":"conciertos","status":"publish","type":"page","link":"https:\/\/fundacionjoaquinbalsa.com\/?page_id=14","title":{"rendered":"Conciertos"},"content":{"rendered":"\n<p>Pr\u00f3ximamente m\u00e1s informaci\u00f3n<\/p>\n\n\n\n<p>Estamos a su disposici\u00f3n en el siguiente n\u00famero de tel\u00e9fono +34 988 258 111<\/p>\n","protected":false},"excerpt":{"rendered":"<p>Pr\u00f3ximamente m\u00e1s informaci\u00f3n Estamos a su disposici\u00f3n en el siguiente n\u00famero de tel\u00e9fono +34 988 258 111<\/p>\n","protected":false},"author":1,"featured_media":0,"parent":0,"menu_order":0,"comment_status":"closed","ping_status":"closed","template":"","meta":{"ngg_post_thumbnail":0,"footnotes":""},"class_list":["post-14","page","type-page","status-publish","hentry"],"_links":{"self":[{"href":"https:\/\/fundacionjoaquinbalsa.com\/index.php?rest_route=\/wp\/v2\/pages\/14","targetHints":{"allow":["GET"]}}],"collection":[{"href":"https:\/\/fundacionjoaquinbalsa.com\/index.php?rest_route=\/wp\/v2\/pages"}],"about":[{"href":"https:\/\/fundacionjoaquinbalsa.com\/index.php?rest_route=\/wp\/v2\/types\/page"}],"author":[{"embeddable":true,"href":"https:\/\/fundacionjoaquinbalsa.com\/index.php?rest_route=\/wp\/v2\/users\/1"}],"replies":[{"embeddable":true,"href":"https:\/\/fundacionjoaquinbalsa.com\/index.php?rest_route=%2Fwp%2Fv2%2Fcomments&post=14"}],"version-history":[{"count":1,"href":"https:\/\/fundacionjoaquinbalsa.com\/index.php?rest_route=\/wp\/v2\/pages\/14\/revisions"}],"predecessor-version":[{"id":15,"href":"https:\/\/fundacionjoaquinbalsa.com\/index.php?rest_route=\/wp\/v2\/pages\/14\/revisions\/15"}],"wp:attachment":[{"href":"https:\/\/fundacionjoaquinbalsa.com\/index.php?rest_route=%2Fwp%2Fv2%2Fmedia&parent=14"}],"curies":[{"name":"wp","href":"https:\/\/api.w.org\/{rel}","templated":true}]}}