{"id":4,"date":"2021-01-25T16:00:38","date_gmt":"2021-01-25T16:00:38","guid":{"rendered":"http:\/\/fundacionjoaquinbalsa.com\/bienvenido-a-http-fundacionjoaquinbalsa-com"},"modified":"2023-02-14T10:45:51","modified_gmt":"2023-02-14T10:45:51","slug":"bienvenido-a-http-fundacionjoaquinbalsa-com","status":"publish","type":"page","link":"https:\/\/fundacionjoaquinbalsa.com\/?page_id=4","title":{"rendered":"Bienvenid@s a la Fundaci\u00f3n Joaqu\u00edn Balsa"},"content":{"rendered":"\n<p><\/p>\n\n\n\n<p>En el a\u00f1o 2014 crea la Fundaci\u00f3n Joaqu\u00edn Balsa, instalada en el Concello de Pereiro de Aguiar (Ourense). Dedicada a la tenencia, gesti\u00f3n, promoci\u00f3n, talento, divulgaci\u00f3n, protecci\u00f3n y defensa del patrimonio art\u00edstico cultural y de la promoci\u00f3n y divulgaci\u00f3n del arte en todas sus manifestaciones.<\/p>\n","protected":false},"excerpt":{"rendered":"<p>En el a\u00f1o 2014 crea la Fundaci\u00f3n Joaqu\u00edn Balsa, instalada en el Concello de Pereiro de Aguiar (Ourense). Dedicada a la tenencia, gesti\u00f3n, promoci\u00f3n, talento, divulgaci\u00f3n, protecci\u00f3n y defensa del patrimonio art\u00edstico cultural y de la promoci\u00f3n y divulgaci\u00f3n del arte en todas sus manifestaciones.<\/p>\n","protected":false},"author":1,"featured_media":0,"parent":0,"menu_order":0,"comment_status":"closed","ping_status":"open","template":"","meta":{"ngg_post_thumbnail":0,"footnotes":""},"class_list":["post-4","page","type-page","status-publish","hentry"],"_links":{"self":[{"href":"https:\/\/fundacionjoaquinbalsa.com\/index.php?rest_route=\/wp\/v2\/pages\/4","targetHints":{"allow":["GET"]}}],"collection":[{"href":"https:\/\/fundacionjoaquinbalsa.com\/index.php?rest_route=\/wp\/v2\/pages"}],"about":[{"href":"https:\/\/fundacionjoaquinbalsa.com\/index.php?rest_route=\/wp\/v2\/types\/page"}],"author":[{"embeddable":true,"href":"https:\/\/fundacionjoaquinbalsa.com\/index.php?rest_route=\/wp\/v2\/users\/1"}],"replies":[{"embeddable":true,"href":"https:\/\/fundacionjoaquinbalsa.com\/index.php?rest_route=%2Fwp%2Fv2%2Fcomments&post=4"}],"version-history":[{"count":3,"href":"https:\/\/fundacionjoaquinbalsa.com\/index.php?rest_route=\/wp\/v2\/pages\/4\/revisions"}],"predecessor-version":[{"id":148,"href":"https:\/\/fundacionjoaquinbalsa.com\/index.php?rest_route=\/wp\/v2\/pages\/4\/revisions\/148"}],"wp:attachment":[{"href":"https:\/\/fundacionjoaquinbalsa.com\/index.php?rest_route=%2Fwp%2Fv2%2Fmedia&parent=4"}],"curies":[{"name":"wp","href":"https:\/\/api.w.org\/{rel}","templated":true}]}}

Bienvenid@s a la Fundación Joaquín Balsa

<p></p>



<p>En el año 2014 crea la Fundación Joaquín Balsa, instalada en el Concello de Pereiro de Aguiar (Ourense). Dedicada a la tenencia, gestión, promoción, talento, divulgación, protección y defensa del patrimonio artístico cultural y de la promoción y divulgación del arte en todas sus manifestaciones.</p>

<p>En el año 2014 crea la Fundación Joaquín Balsa, instalada en el Concello de Pereiro de Aguiar (Ourense). Dedicada a la tenencia, gestión, promoción, talento, divulgación, protección y defensa del patrimonio artístico cultural y de la promoción y divulgación del arte en todas sus manifestaciones.</p>
