{"id":6,"date":"2021-01-25T16:22:15","date_gmt":"2021-01-25T16:22:15","guid":{"rendered":"http:\/\/fundacionjoaquinbalsa.com\/?page_id=6"},"modified":"2023-02-14T17:10:06","modified_gmt":"2023-02-14T17:10:06","slug":"la-fundacion","status":"publish","type":"page","link":"https:\/\/fundacionjoaquinbalsa.com\/","title":{"rendered":"La Fundaci\u00f3n"},"content":{"rendered":"\n<p>la Fundaci\u00f3n Joaqu\u00edn Balsa se constituye en el 2014<br>con el objetivo de gestionar, promover, divulgar, proteger, y defender el<br>patrimonio de la Cultura y el Arte en todas sus manifestaciones.<\/p>\n\n\n\n<p>Despu\u00e9s de 9 a\u00f1os de su consolidaci\u00f3n la Fundaci\u00f3n Joaqu\u00edn Balsa<br>contin\u00faa con su misi\u00f3n al servicio del Arte, y trabaja activamente en su<br>ciudad natal para fortalecer sus cimientos como referente cultural para la<br>difusi\u00f3n y proyecci\u00f3n de la obra de gran calado de Joaqu\u00edn balsa.<\/p>\n\n\n\n<p>Entre sus planes m\u00e1s inmediatos est\u00e1 continuar con su actividad<br>pl\u00e1stica, vincul\u00e1ndola a diversos proyectos con el apoyo de empresas e<br>instituciones dispuestas a colaborar para la divulgaci\u00f3n de su obra<br>pl\u00e1stica y escult\u00f3rica, la cual ya ha fomentado una buena proyecci\u00f3n a<br>nivel nacional e internacional, generando espacios para la promoci\u00f3n<br>de la cultura y el fortalecimiento del Arte como parte fundamental de<br>nuestra identidad.<\/p>\n\n\n\n<p><\/p>\n\n\n\n<p><\/p>\n\n\n\nngg_shortcode_0_placeholder\n\n\n\n<p><\/p>\n","protected":false},"excerpt":{"rendered":"<p>la Fundaci\u00f3n Joaqu\u00edn Balsa se constituye en el 2014con el objetivo de gestionar, promover, divulgar, proteger, y defender elpatrimonio de la Cultura y el Arte en todas sus manifestaciones. Despu\u00e9s de 9 a\u00f1os de su consolidaci\u00f3n la Fundaci\u00f3n Joaqu\u00edn Balsacontin\u00faa con su misi\u00f3n al servicio del Arte, y trabaja activamente en suciudad natal para fortalecer sus cimientos como referente cultural para ladifusi\u00f3n y proyecci\u00f3n de la obra de gran calado de Joaqu\u00edn balsa. Entre sus planes m\u00e1s inmediatos est\u00e1 continuar&#8230;<\/p>\n<p class=\"read-more\"><a class=\"btn btn-default\" href=\"https:\/\/fundacionjoaquinbalsa.com\/\"> Leer m\u00e1s<span class=\"screen-reader-text\">  Leer m\u00e1s<\/span><\/a><\/p>\n","protected":false},"author":1,"featured_media":0,"parent":0,"menu_order":0,"comment_status":"closed","ping_status":"closed","template":"","meta":{"ngg_post_thumbnail":0,"footnotes":""},"class_list":["post-6","page","type-page","status-publish","hentry"],"_links":{"self":[{"href":"https:\/\/fundacionjoaquinbalsa.com\/index.php?rest_route=\/wp\/v2\/pages\/6","targetHints":{"allow":["GET"]}}],"collection":[{"href":"https:\/\/fundacionjoaquinbalsa.com\/index.php?rest_route=\/wp\/v2\/pages"}],"about":[{"href":"https:\/\/fundacionjoaquinbalsa.com\/index.php?rest_route=\/wp\/v2\/types\/page"}],"author":[{"embeddable":true,"href":"https:\/\/fundacionjoaquinbalsa.com\/index.php?rest_route=\/wp\/v2\/users\/1"}],"replies":[{"embeddable":true,"href":"https:\/\/fundacionjoaquinbalsa.com\/index.php?rest_route=%2Fwp%2Fv2%2Fcomments&post=6"}],"version-history":[{"count":4,"href":"https:\/\/fundacionjoaquinbalsa.com\/index.php?rest_route=\/wp\/v2\/pages\/6\/revisions"}],"predecessor-version":[{"id":198,"href":"https:\/\/fundacionjoaquinbalsa.com\/index.php?rest_route=\/wp\/v2\/pages\/6\/revisions\/198"}],"wp:attachment":[{"href":"https:\/\/fundacionjoaquinbalsa.com\/index.php?rest_route=%2Fwp%2Fv2%2Fmedia&parent=6"}],"curies":[{"name":"wp","href":"https:\/\/api.w.org\/{rel}","templated":true}]}}

La Fundación

<p>la Fundación Joaquín Balsa se constituye en el 2014<br>con el objetivo de gestionar, promover, divulgar, proteger, y defender el<br>patrimonio de la Cultura y el Arte en todas sus manifestaciones.</p>



<p>Después de 9 años de su consolidación la Fundación Joaquín Balsa<br>continúa con su misión al servicio del Arte, y trabaja activamente en su<br>ciudad natal para fortalecer sus cimientos como referente cultural para la<br>difusión y proyección de la obra de gran calado de Joaquín balsa.</p>



<p>Entre sus planes más inmediatos está continuar con su actividad<br>plástica, vinculándola a diversos proyectos con el apoyo de empresas e<br>instituciones dispuestas a colaborar para la divulgación de su obra<br>plástica y escultórica, la cual ya ha fomentado una buena proyección a<br>nivel nacional e internacional, generando espacios para la promoción<br>de la cultura y el fortalecimiento del Arte como parte fundamental de<br>nuestra identidad.</p>



<p></p>



<p></p>



ngg_shortcode_0_placeholder



<p></p>

<p>la Fundación Joaquín Balsa se constituye en el 2014con el objetivo de gestionar, promover, divulgar, proteger, y defender elpatrimonio de la Cultura y el Arte en todas sus manifestaciones. Después de 9 años de su consolidación la Fundación Joaquín Balsacontinúa con su misión al servicio del Arte, y trabaja activamente en suciudad natal para fortalecer sus cimientos como referente cultural para ladifusión y proyección de la obra de gran calado de Joaquín balsa. Entre sus planes más inmediatos está continuar&#8230;</p>
<p class="read-more"><a class="btn btn-default" href="https://fundacionjoaquinbalsa.com/"> Leer más<span class="screen-reader-text">  Leer más</span></a></p>
